
2, 157867
What are the prime factors of 59911?
181, 331
What are the prime factors of 359859?
3, 119953
What are the prime factors of 573636?
2, 3, 7, 6829
List the prime factors of 197824.
2, 11, 281
List the prime factors of 23179.
13, 1783
What are the prime factors of 2168220?
2, 3, 5, 36137
What are the prime factors of 858261?
3, 73, 3919
What are the prime factors of 1214435?
5, 242887
List the prime factors of 2348184.
2, 3, 97841
What are the prime factors of 634409?
23, 27583
List the prime factors of 896378.
2, 7, 43, 1489
What are the prime factors of 104908?
2, 26227
List the prime factors of 1197670.
2, 5, 229, 523
List the prime factors of 4445461.
89, 199, 251
List the prime factors of 4135957.
7, 41, 14411
What are the prime factors of 165001?
165001
What are the prime factors of 62000?
2, 5, 31
What are the prime factors of 659881?
659881
What are the prime factors of 1229513?
29, 42397
List the prime factors of 5950891.
5950891
What are the prime factors of 181791?
3, 6733
What are the prime factors of 935795?
5, 7, 26737
List the prime factors of 97547.
97547
List the prime factors of 263995.
5, 37, 1427
List the prime factors of 257039.
37, 6947
List the prime factors of 8334164.
2, 31, 67211
List the prime factors of 2698392.
2, 3, 29, 3877
List the prime factors of 334528.
2, 5227
List the prime factors of 766429.
23, 47, 709
What are the prime factors of 1143026?
2, 43, 13291
List the prime factors of 9042090.
2, 3, 5, 301403
List the prime factors of 606429.
3, 43, 1567
What are the prime factors of 5266476?
2, 3, 146291
List the prime factors of 11549322.
2, 3, 197, 3257
What are the prime factors of 684113?
684113
What are the prime factors of 240035?
5, 61, 787
List the prime factors of 7468695.
3, 5, 13, 17, 751
List the prime factors of 186744.
2, 3, 31, 251
What are the prime factors of 287370?
2, 3, 5, 31, 103
What are the prime factors of 251500?
2, 5, 503
What are the prime factors of 9782?
2, 67, 73
What are the prime factors of 2791514?
2, 11, 223, 569
List the prime factors of 26793538.
2, 13396769
List the prime factors of 1330199.
13, 17, 463
What are the prime factors of 4170356?
2, 41, 59, 431
List the prime factors of 1950503.
107, 18229
List the prime factors of 3320666.
2, 239, 6947
What are the prime factors of 5368660?
2, 5, 11, 23, 1061
List the prime factors of 2467408.
2, 154213
What are the prime factors of 81175?
5, 17, 191
What are the prime factors of 858198?
2, 3, 11, 13003
What are the prime factors of 405155?
5, 81031
What are the prime factors of 284550?
2, 3, 5, 7, 271
What are the prime factors of 506099?
11, 139, 331
List the prime factors of 89498.
2, 73, 613
What are the prime factors of 872037?
3, 96893
List the prime factors of 674459.
787, 857
What are the prime factors of 102513?
3, 34171
What are the prime factors of 4616001?
3, 13, 13151
List the prime factors of 153993.
3, 7, 7333
What are the prime factors of 4166228?
2, 11, 94687
List the prime factors of 3556701.
3, 395189
What are the prime factors of 366823?
31, 11833
List the prime factors of 1159569.
3, 67, 641
What are the prime factors of 24567712?
2, 13, 73, 809
What are the prime factors of 5079161?
983, 5167
What are the prime factors of 496935?
3, 5, 409
What are the prime factors of 3127769?
197, 15877
What are the prime factors of 22248?
2, 3, 103
List the prime factors of 10333210.
2, 5, 23, 44927
List the prime factors of 79331.
7, 1619
List the prime factors of 3977107.
3977107
List the prime factors of 2409465.
3, 5, 29, 191
List the prime factors of 2375193.
3, 379, 2089
List the prime factors of 730865.
5, 146173
What are the prime factors of 3708424?
2, 313, 1481
What are the prime factors of 12279834?
2, 3, 7, 97459
What are the prime factors of 93448?
2, 11681
What are the prime factors of 395806?
2, 73, 2711
List the prime factors of 5675582.
2, 11, 257981
What are the prime factors of 4547556?
2, 3, 13, 41, 79
What are the prime factors of 3892457?
3892457
List the prime factors of 5122635.
3, 5, 7, 48787
What are the prime factors of 12093776?
2, 755861
List the prime factors of 366286.
2, 373, 491
What are the prime factors of 404388?
2, 3, 47, 239
What are the prime factors of 316137?
3, 105379
List the prime factors of 3556.
2, 7, 127
What are the prime factors of 26612071?
173, 199, 773
List the prime factors of 352057.
352057
List the prime factors of 77498.
2, 38749
List the prime factors of 2639630.
2, 5, 7, 5387
List the prime factors of 1037677.
1037677
What are the prime factors of 1169361?
3, 41, 3169
List the prime factors of 8699.
8699
What are the prime factors of 7417204?
2, 719, 2579
What are the prime factors of 621886?
2, 139, 2237
List the prime factors of 411274.
2, 19, 79, 137
List the prime factors of 865586.
2, 432793
What are the prime factors of 12281991?
3, 271, 15107
What are the prime factors of 3327284?
2, 831821
List the prime factors of 695005.
5, 97, 1433
What are the prime factors of 5208797?
11, 473527
List the prime factors of 481249.
481249
List the prime factors of 2295203.
163, 14081
What are the prime factors of 1088347?
13, 83719
What are the prime factors of 8448427?
13, 649879
What are the prime factors of 875360?
2, 5, 5471
List the prime factors of 11797401.
3, 7, 11, 51071
What are the prime factors of 11643247?
7, 11, 89, 1699
What are the prime factors of 65143?
13, 5011
What are the prime factors of 914245?
5, 83, 2203
List the prime factors of 1931464.
2, 19, 97, 131
What are the prime factors of 16947015?
3, 5, 53, 21317
List the prime factors of 251839.
7, 35977
What are the prime factors of 806237?
61, 13217
What are the prime factors of 247681?
7, 41, 863
List the prime factors of 34713.
3, 7, 19, 29
List the prime factors of 11208399.
3, 3736133
What are the prime factors of 12688368?
2, 3, 7, 11, 3433
What are the prime factors of 106759?
106759
What are the prime factors of 12210876?
2, 3, 59, 5749
What are the prime factors of 429869?
11, 39079
List the prime factors of 1634865.
3, 5, 108991
What are the prime factors of 3330344?
2, 283, 1471
What are the prime factors of 43384136?
2, 17, 319001
List the prime factors of 245004.
2, 3, 17, 1201
List the prime factors of 14128950.
2, 3, 5, 11, 8563
What are the prime factors of 1138813?
13, 17, 5153
List the prime factors of 105313.
13, 8101
What are the prime factors of 13036961?
7, 283, 6581
List the prime factors of 189272.
2, 59, 401
What are the prime factors of 11351065?
5, 11, 206383
What are the prime factors of 213469?
17, 29, 433
What are the prime factors of 494739?
3, 7, 7853
What are the prime factors of 269427?
3, 89809
List the prime factors of 712280.
2, 5, 17807
What are the prime factors of 769195?
5, 7, 21977
What are the prime factors of 119730?
2, 3, 5, 13, 307
What are the prime factors of 17334237?
3, 17, 339887
List the prime factors of 14703626.
2, 7, 59, 2543
What are the prime factors of 91311?
3, 11, 2767
What are the prime factors of 236968?
2, 19, 1559
List the prime factors of 544562.
2, 29, 41, 229
What are the prime factors of 309400?
2, 5, 7, 13, 17
List the prime factors of 36346337.
113, 263, 1223
What are the prime factors of 227225?
5, 61, 149
What are the prime factors of 31246599?
3, 10415533
What are the prime factors of 766569?
3, 255523
What are the prime factors of 5331773?
5331773
What are the prime factors of 141224?
2, 127, 139
List the prime factors of 2302738.
2, 1151369
What are the prime factors of 20353569?
3, 6784523
What are the prime factors of 3792032?
2, 163, 727
What are the prime factors of 549096?
2, 3, 137, 167
List the prime factors of 1453648.
2, 7, 12979
What are the prime factors of 165421?
43, 3847
List the prime factors of 9008717.
19, 474143
List the prime factors of 952264.
2, 119033
List the prime factors of 1535277.
3, 593, 863
List the prime factors of 236499.
3, 31, 2543
What are the prime factors of 374877?
3, 23, 1811
What are the prime factors of 168962?
2, 84481
What are the prime factors of 493895?
5, 98779
List the prime factors of 152725.
5, 41, 149
What are the prime factors of 1015493?
19, 29, 97
List the prime factors of 1027635.
3, 5, 7, 9787
What are the prime factors of 2903861?
149, 19489
List the prime 